igit of c(24)?
0
Let p be (-1365)/(-4) + (-5)/20. Suppose -5*w = v - p, 0 = -2*w + 4*v - 2 + 134. What is the tens digit of w?
6
Suppose -5*v + 73 = 48, 5*v - 409 = -a. What is the units digit of a?
4
Let r be (-1)/(-5*(-5)/850). Let n = 36 + r. What is the units digit of n?
2
Suppose -2*i + 2989 = 3*s, -5*i - 5015 = -6*s + s. What is the units digit of s?
9
Suppose 5781 = 15*l - 23859. What is the units digit of l?
6
Suppose 0*k + k + 113 = 2*l, k + 227 = 4*l. Let v = l - 2. What is the tens digit of v?
5
What is the hundreds digit of ((-411)/(-6) - -2)*(-32)/(-12)?
1
Let y = 18 + 1334. What is the units digit of y?
2
Let a = 1723 - 249. What is the thousands digit of a?
1
Suppose 4*i - 2*i + 232 = 4*q, 5*q - 290 = -3*i. Let r be ((-34)/4)/(2/(-4) - -1). Let a = q + r. What is the tens digit of a?
4
Suppose -16*i + 12328 = 7*i. What is the units digit of i?
6
Let b = -8 + 13. Let s(m) be the first derivative of m**2/2 - m + 29. What is the units digit of s(b)?
4
Suppose -5*x + 14 = -6. Suppose -x*p + 2 = -3*p. Suppose -g = -a - a - 22, -a = p. What is the units digit of g?
8
Let a = -337 - -562. What is the units digit of a?
5
Suppose 81*b - 14*b = 291517. What is the hundreds digit of b?
3
Suppose 1965 + 3625 = 13*w. What is the hundreds digit of w?
4
Suppose 327 = 3*n - 4*w, -5*w - 109 = -n - 0*n. Let l = n + -62. What is the units digit of l?
7
Let p(d) = -5 - 7*d + 14 + 18 - 80*d. What is the units digit of p(-3)?
8
Suppose 0 = m + 6 - 33. Suppose 2*s = h + 420, -m = -5*h - 7. What is the hundreds digit of s?
2
Let y = -703 + 462. Let k = 509 + y. What is the units digit of k?
8
Suppose -5*k - 2*v = -2096, -2*k + 892 - 58 = 3*v. What is the tens digit of k?
2
Let s = 6941 + -3596. What is the thousands digit of s?
3
Suppose 2*b + 5 = 3*b. Suppose 2*i - 2*f - 22 = 0, -40 = -b*i + 3*f + 25. Suppose -11*d + i*d = 225. What is the units digit of d?
5
Let l(r) = -11*r**3 + 33*r**2 + 45*r + 36. Let i(x) = 4*x**3 - 11*x**2 - 15*x - 12. Let w(q) = 8*i(q) + 3*l(q). What is the tens digit of w(12)?
4
Let r = -136 + 227. Let f = -20 + r. What is the tens digit of f?
7
Let p = 4507 + -2998. What is the hundreds digit of p?
5
Let b(x) = -3*x - 3. Let c be b(-4). Suppose 0 = 12*y - c*y - 6. Suppose 0 = y*i - 6*i + 108. What is the units digit of i?
7
Let b = 9 + -9. Let g(l) = 0*l - 1 + b*l - 2*l + l**2 - 4. What is the units digit of g(-4)?
9
Let g(r) = r**3 + 15*r**2 + 3*r - 1. What is the tens digit of g(-10)?
6
Suppose -3*k + u = -920, 0 = -5*k + 2*u - 3*u + 1520. What is the units digit of k?
5
Let r = 522 + 178. What is the tens digit of r?
0
Let d(x) = -x**3 + 15*x**2 - 14*x + 10. Let a be d(14). Let t = a - 5. Suppose -p = -3*f + 11, 2*p - 24 = -t*f - 2. What is the units digit of f?
4
Let j(z) = -16*z**3 - 3*z**2 - 5*z. Suppose -5*i - 9 = 2*w, 4*i = i - 3. What is the units digit of j(w)?
6
Let q be (-3)/(4/((-160)/12)). What is the units digit of (-2755)/(-35) - q/(-35)?
9
Let z(l) = 2*l**2 + 2 + 0 + 3*l - 4. Suppose 2*d - 2*w + w = 2, 2*d = 2*w. What is the tens digit of z(d)?
1
Let v(z) = 52*z**2 - 32*z + 186. What is the units digit of v(5)?
6
Suppose 2*w + 2 = 3*w. Suppose -w*g - 7 = 1. What is the tens digit of -3 - (g/2 - 14)?
1
Suppose 38*m = 53*m - 60825. What is the units digit of m?
5
Let x(q) be the first derivative of -q**2 + 8*q - 3. Let u be x(9). What is the units digit of (95/u)/((-1)/2)?
9
Suppose 0*x = 5*x - 155. Let t = 26 + x. What is the units digit of t?
7
Let m(x) = 10*x - 16. Let q be m(2). Suppose -3*j = q*j - 651. What is the tens digit of j?
9
Let c(d) = -d**3 - 5*d**2 + 6*d - 2. Let r be c(4). Let i = r + 231. What is the hundreds digit of i?
1
Let i(s) = -3*s**3 + 2*s**2 + 19*s - 10. What is the hundreds digit of i(-9)?
1
Let s(d) = 9*d - 32. What is the tens digit of s(22)?
6
Let y be 7/14*(9 - -1). Suppose 2*h = -2*m + 5*m + 138, y*m - 395 = -5*h. What is the units digit of h?
5
Let y = 152 - 81. Let g = -20 + y. What is the tens digit of g?
5
Let p(f) be the second derivative of -f**3/3 + 13*f**2/2 + f. Let d be p(7). What is the units digit of (408/(-2))/(-4) - d?
2
Suppose 1 = -3*j + 7. Suppose 0 = -x + j*k - 6, 0 = x - k - 0*k + 2. Suppose 6 = -x*f + 2*v, -v = 3*f - 6*f + 1. What is the units digit of f?
2
Let n(b) = -b**3 - 2*b**2 + 2*b + 4. Let i be n(-2). Suppose i = -5*g + 408 + 52. What is the tens digit of g?
9
Let q(n) = n**2 - 4*n + 5. Let j be q(0). What is the units digit of ((-10)/25)/(j/(-25))?
2
Let j be 1 - -2 - (189 + 0)*-2. Let g = j - 185. What is the hundreds digit of g?
1
Let a(j) = 179*j - 2. Let c be a(1). Let f = -85 + c. What is the tens digit of f?
9
Suppose 157*f - 152*f = 1975. What is the units digit of 3 - 5 - f/(-5)?
7
Suppose -5*u = -4*t - 28, 4*u = 4*t - 2*t + 20. Let j be ((-47)/t)/(2/132). What is the units digit of j/44 + 3/4?
6
Let c be 12102/27 + (-8)/36. What is the units digit of c/48 - (-2)/3?
0
Suppose -9*q = -14*q + 1510. Let d = q - 188. What is the units digit of d?
4
Suppose -x = x + 3*z - 15, -3*x - z = -33. Suppose 7*t = 3*t - x. Let b(y) = -9*y - 6. What is the tens digit of b(t)?
2
What is the hundreds digit of ((-3078)/(-30))/((-2)/(-10)) + -1?
5
Suppose -41*k - 15990 + 119228 = 0. What is the thousands digit of k?
2
Let m(p) = -p**3 - 26*p**2 - 3*p + 8. Let w be 2 + -2 - -4 - 60/2. What is the tens digit of m(w)?
8
Suppose 0 = v + h + 3, 3*v - 4*h - 6 = -2*h. Suppose v = -j + 54 + 43. What is the units digit of j?
7
Suppose -43*l + 2117 = -44022. What is the hundreds digit of l?
0
Suppose 0*s = 4*q - s - 572, q - 164 = -5*s. What is the hundreds digit of q?
1
Let j be 170/(0/(-1) + -1)*1. Let g = j - -295. What is the tens digit of g?
2
Let u = -17 - -22. Suppose u*m - 4*y = 283, 2*m - 307 = -3*m - 4*y. What is the units digit of m?
9
Suppose 0 = 8*j - 14*j - 6. Let a(o) be the third derivative of -7*o**4/6 + o**2. What is the units digit of a(j)?
8
Let v = 7 - 3. Suppose -40 = v*t + 4*g, -t + 6 = g - 4*g. Let o(r) = -6*r - 9. What is the tens digit of o(t)?
2
Let s(u) = 279*u**3 - 3*u**2 + 5*u - 2. What is the units digit of s(1)?
9
Suppose 3*o - 97 - 17 = 0. What is the tens digit of o?
3
Let f = 1473 + -1038. What is the hundreds digit of f?
4
What is the units digit of 439 + 7 + (-6)/(30/35)?
9
Suppose -7*q - 99 = -10*q. What is the units digit of 121/q + 4/(-6)?
3
Let r be 432/60 - 2/10. What is the tens digit of -9 + r - -3*19?
5
Suppose 5*v = -5*y - 105, 96 = -2*v - 3*v - 2*y. Let c be ((-14)/21)/(4/v). Suppose -7*k = -c*k - 120. What is the tens digit of k?
3
Suppose 0 = 13*u - 39*u + 46566. What is the thousands digit of u?
1
Let b(v) be the third derivative of v**5/30 + 3*v**4/8 + v**3/3 + 5*v**2. Let o(u) = -u - 11. Let t be o(-4). What is the units digit of b(t)?
7
Suppose -g + 5*b = 7, -5*g = b + b + 8. What is the hundreds digit of 15/(-5) - g - -261?
2
Let b(p) = -28*p + 11. What is the tens digit of b(-2)?
6
Let q(g) = g**3 - 3*g. Let n be q(0). Suppose n*z + z = -d + 44, -3*z = 4*d - 180. What is the units digit of d?
8
Suppose 42*l = 5883 - 3. What is the units digit of l?
0
Let r(h) = -5*h - 11 - 14 + 23. What is the units digit of r(-4)?
8
Let f(d) = -d + 1. Let m be f(-1). Suppose 4*h + m*a - 5 = 25, -3*a = 2*h - 21. What is the units digit of h/(-4)*22/(-1)?
3
What is the thousands digit of (-3)/((-21)/2) + 6415640/2156?
2
Let x = 504 + -332. Suppose k - 71 = -2*h, 0 = h + h - 5*k - 53. Suppose x = 2*g + h. What is the units digit of g?
9
Suppose 1198 = 4*f - 5*o, 5*f - 6*o + 9*o = 1516. What is the units digit of f?
2
Let w = 91 - 89. Suppose 0 = -2*x + 4, 340 = -v + 5*v + w*x. What is the tens digit of v?
8
Suppose 7*b = 12*b - 35. What is the units digit of (-2)/b - 2364/(-42)?
6
Suppose -3*v + 5*v - 22 = 5*u, -5*u = 5*v + 50. What is the tens digit of (-165)/(-9) - u/(-18)?
1
Let b(v) = 7*v**3 + 2*v - 1. Let g be b(1). Suppose 0 = -3*s - 2*t + 214, -5*t - g = -3. What is the tens digit of s?
7
Let m(z) = -322*z**3 - 3*z**2 - 3*z - 2. Let i be m(-1). Suppose -7*s + 3*s + i = 0. What is the tens digit of s?
8
Suppose -3*g - p + 1256 = p, 4*p - 2092 = -5*g. What is the hundreds digit of g?
4
Suppose -2*y - 4*f = -198, -3*f + 97 = y - 2*f. What is the units digit of y?
5
Let t(c) = c**3 - 20*c**2 + c + 17. Let g be t(20). Let q = g 